
What are the prime factors of 1072?
2, 67
List the prime factors of 3796.
2, 13, 73
What are the prime factors of 698?
2, 349
What are the prime factors of 27?
3
What are the prime factors of 3172?
2, 13, 61
What are the prime factors of 2592?
2, 3
List the prime factors of 1028.
2, 257
List the prime factors of 4.
2
What are the prime factors of 6204?
2, 3, 11, 47
What are the prime factors of 130?
2, 5, 13
What are the prime factors of 1371?
3, 457
List the prime factors of 22602.
2, 3, 3767
List the prime factors of 48101.
103, 467
What are the prime factors of 3038?
2, 7, 31
What are the prime factors of 2061?
3, 229
List the prime factors of 1459.
1459
What are the prime factors of 33557?
23, 1459
List the prime factors of 76070.
2, 5, 7607
What are the prime factors of 16881?
3, 17, 331
List the prime factors of 110181.
3, 19, 1933
What are the prime factors of 2949?
3, 983
List the prime factors of 7643.
7643
What are the prime factors of 328?
2, 41
What are the prime factors of 2735?
5, 547
List the prime factors of 131452.
2, 59, 557
What are the prime factors of 823?
823
What are the prime factors of 7942?
2, 11, 19
What are the prime factors of 1331?
11
List the prime factors of 13213.
73, 181
List the prime factors of 313.
313
What are the prime factors of 10879?
11, 23, 43
What are the prime factors of 73494?
2, 3, 1361
List the prime factors of 93.
3, 31
What are the prime factors of 116439?
3, 37, 1049
List the prime factors of 3354.
2, 3, 13, 43
What are the prime factors of 167017?
167017
List the prime factors of 132.
2, 3, 11
What are the prime factors of 16740?
2, 3, 5, 31
What are the prime factors of 14078?
2, 7039
List the prime factors of 34104.
2, 3, 7, 29
List the prime factors of 4001.
4001
What are the prime factors of 31338?
2, 3, 1741
What are the prime factors of 75539?
75539
List the prime factors of 13656.
2, 3, 569
What are the prime factors of 3276?
2, 3, 7, 13
List the prime factors of 159671.
159671
List the prime factors of 5708.
2, 1427
List the prime factors of 792.
2, 3, 11
What are the prime factors of 5482?
2, 2741
List the prime factors of 742.
2, 7, 53
What are the prime factors of 3390?
2, 3, 5, 113
List the prime factors of 15970.
2, 5, 1597
List the prime factors of 7498.
2, 23, 163
List the prime factors of 2467.
2467
List the prime factors of 10152.
2, 3, 47
List the prime factors of 96130.
2, 5, 9613
List the prime factors of 8759.
19, 461
What are the prime factors of 3231?
3, 359
List the prime factors of 236.
2, 59
List the prime factors of 44443.
7, 907
What are the prime factors of 1108?
2, 277
What are the prime factors of 29715?
3, 5, 7, 283
What are the prime factors of 60775?
5, 11, 13, 17
List the prime factors of 45852.
2, 3, 3821
List the prime factors of 24094.
2, 7, 1721
List the prime factors of 25437.
3, 61, 139
List the prime factors of 38301.
3, 17, 751
What are the prime factors of 23575?
5, 23, 41
What are the prime factors of 1080?
2, 3, 5
What are the prime factors of 50068?
2, 12517
What are the prime factors of 110606?
2, 29, 1907
What are the prime factors of 1534?
2, 13, 59
What are the prime factors of 38020?
2, 5, 1901
List the prime factors of 34947.
3, 11, 353
What are the prime factors of 97151?
97151
List the prime factors of 1423.
1423
List the prime factors of 981.
3, 109
What are the prime factors of 1520?
2, 5, 19
What are the prime factors of 24876?
2, 3, 691
What are the prime factors of 29410?
2, 5, 17, 173
List the prime factors of 6007.
6007
List the prime factors of 53876.
2, 13469
List the prime factors of 23414.
2, 23, 509
List the prime factors of 917.
7, 131
List the prime factors of 93073.
163, 571
What are the prime factors of 11343?
3, 19, 199
List the prime factors of 3588.
2, 3, 13, 23
What are the prime factors of 2232?
2, 3, 31
List the prime factors of 2507.
23, 109
List the prime factors of 980.
2, 5, 7
What are the prime factors of 16170?
2, 3, 5, 7, 11
What are the prime factors of 16564?
2, 41, 101
What are the prime factors of 8283?
3, 11, 251
List the prime factors of 3060.
2, 3, 5, 17
List the prime factors of 13251.
3, 7, 631
List the prime factors of 111.
3, 37
List the prime factors of 140620.
2, 5, 79, 89
List the prime factors of 32987.
32987
What are the prime factors of 289?
17
What are the prime factors of 2698?
2, 19, 71
List the prime factors of 8181.
3, 101
List the prime factors of 14477.
31, 467
What are the prime factors of 1526?
2, 7, 109
What are the prime factors of 9994?
2, 19, 263
List the prime factors of 8906.
2, 61, 73
List the prime factors of 2352.
2, 3, 7
What are the prime factors of 24?
2, 3
What are the prime factors of 1139?
17, 67
List the prime factors of 67355.
5, 19, 709
List the prime factors of 67057.
67057
List the prime factors of 14869.
14869
List the prime factors of 44520.
2, 3, 5, 7, 53
What are the prime factors of 1268?
2, 317
What are the prime factors of 23663?
23663
What are the prime factors of 5841?
3, 11, 59
List the prime factors of 2855.
5, 571
What are the prime factors of 2429?
7, 347
What are the prime factors of 12553?
12553
What are the prime factors of 97270?
2, 5, 71, 137
List the prime factors of 28902.
2, 3, 4817
What are the prime factors of 67943?
67943
List the prime factors of 5370.
2, 3, 5, 179
List the prime factors of 9421.
9421
What are the prime factors of 50587?
50587
What are the prime factors of 6493?
43, 151
What are the prime factors of 557?
557
List the prime factors of 16975.
5, 7, 97
What are the prime factors of 5971?
7, 853
What are the prime factors of 840?
2, 3, 5, 7
What are the prime factors of 4544?
2, 71
What are the prime factors of 62386?
2, 31193
What are the prime factors of 41289?
3, 13763
What are the prime factors of 1666?
2, 7, 17
What are the prime factors of 1389?
3, 463
List the prime factors of 5469.
3, 1823
List the prime factors of 17856.
2, 3, 31
What are the prime factors of 305?
5, 61
What are the prime factors of 788?
2, 197
List the prime factors of 4028.
2, 19, 53
List the prime factors of 35764.
2, 8941
What are the prime factors of 1504?
2, 47
What are the prime factors of 38247?
3, 11, 19, 61
List the prime factors of 5612.
2, 23, 61
List the prime factors of 1448.
2, 181
List the prime factors of 76112.
2, 67, 71
What are the prime factors of 3316?
2, 829
What are the prime factors of 2841?
3, 947
List the prime factors of 8049.
3, 2683
What are the prime factors of 2753?
2753
List the prime factors of 21559.
21559
What are the prime factors of 2811?
3, 937
What are the prime factors of 27869?
29, 31
What are the prime factors of 1306?
2, 653
What are the prime factors of 58747?
13, 4519
What are the prime factors of 648?
2, 3
What are the prime factors of 20636?
2, 7, 11, 67
List the prime factors of 29030.
2, 5, 2903
List the prime factors of 21035.
5, 7, 601
What are the prime factors of 2382?
2, 3, 397
What are the prime factors of 14806?
2, 11, 673
What are the prime factors of 2103?
3, 701
What are the prime factors of 1052?
2, 263
List the prime factors of 7130.
2, 5, 23, 31
List the prime factors of 2573.
31, 83
List the prime factors of 52718.
2, 43, 613
List the prime factors of 54664.
2, 6833
What are the prime factors of 1261?
13, 97
List the prime factors of 6280.
2, 5, 157
What are the prime factors of 999?
3, 37
What are the prime factors of 1132?
2, 283
List the prime factors of 17132.
2, 4283
What are the prime factors of 41347?
173, 239
What are the prime factors of 9077?
29, 313
List the prime factors of 126132.
2, 3, 23, 457
What are the prime factors of 42045?
3, 5, 2803
What are the prime factors of 1275?
3, 5, 17
List the prime factors of 49467.
3, 11, 1499
What are the prime factors of 482?
2, 241
What are the prime factors of 4930?
2, 5, 17, 29
List the prime factors of 878.
2, 439
What are the prime factors of 4592?
2, 7, 41
List the prime factors of 1022.
2, 7, 73
What are the prime factors of 3997?
7, 571
What are the prime factors of 7482?
2, 3, 29, 43
What are the prime factors of 14726?
2, 37, 199
List the prime factors of 9360.
2, 3, 5, 13
List the prime factors of 7076.
2, 29, 61
What are the prime factors of 26431?
26431
List the prime factors of 28734.
2, 3, 4789
List the prime factors 